-22 + -30013122?
-30013210
In base 3, what is -10011111111 - 10?
-10011111121
In base 7, what is 1615 + 3?
1621
In base 6, what is -1101 - -141?
-520
In base 6, what is 52110 - -21?
52131
In base 4, what is 10 - -2301233030?
2301233100
In base 5, what is 123043 - -142?
123240
In base 6, what is 4531 - 444?
4043
In base 13, what is -3 + 2866?
2863
In base 14, what is -2333 - -8?
-2329
In base 9, what is -7 + 41686?
41678
In base 11, what is 2630 + 5?
2635
In base 6, what is -1334425 + 4?
-1334421
In base 10, what is -130591 - 0?
-130591
In base 15, what is -3e69 + 17?
-3e52
In base 7, what is -5 + -11?
-16
In base 7, what is -10 + 1261152?
1261142
In base 12, what is -75396b - 4?
-753973
In base 6, what is 33 + 145?
222
In base 2, what is 1110111001000110001111 - -101?
1110111001000110010100
In base 7, what is -1641 + -51?
-2022
In base 13, what is -b + a8c87?
a8c79
In base 5, what is -424 + -1323222?
-1324201
In base 11, what is 82 + 1100?
1182
In base 3, what is 102 - -12002012222?
12002020101
In base 4, what is 13 + -313032?
-313013
In base 5, what is -4031 - -1114?
-2412
In base 4, what is 10 - 2211123?
-2211113
In base 10, what is -1 + 450330?
450329
In base 9, what is -2833306 - -4?
-2833302
In base 3, what is -121 + 2010202200?
2010202002
In base 4, what is 2001121022 - 11?
2001121011
In base 13, what is 2 - 7c7?
-7c5
In base 4, what is -1 - 22223?
-22230
In base 10, what is 30 + 9815?
9845
In base 10, what is -2489052 - 4?
-2489056
In base 5, what is -4131 - 14?
-4200
In base 10, what is 91930 + -1?
91929
In base 7, what is 4 - 2343520?
-2343513
In base 11, what is 209 + -1349?
-1140
In base 7, what is 2321004 + 5?
2321012
In base 15, what is -8e5 - -4e?
-896
In base 2, what is -1000 - -101000000011011001001?
101000000011011000001
In base 15, what is -8732 + -5?
-8737
In base 11, what is -171 - -743?
582
In base 10, what is -1 + 2894?
2893
In base 13, what is -7161c - -9?
-71613
In base 15, what is 30 - -935?
965
In base 9, what is 2 + -24558?
-24556
In base 6, what is 2205054 - 12?
2205042
In base 4, what is -1 + -210123301?
-210123302
In base 14, what is -112386 - -3?
-112383
In base 15, what is -a - -122d?
1223
In base 14, what is -a6 + 3a5?
2dd
In base 7, what is 363203 + -5?
363165
In base 8, what is -570 + 22?
-546
In base 13, what is 18b - -11?
19c
In base 5, what is 424431 + 0?
424431
In base 6, what is 140 + -130?
10
In base 9, what is -5 + -15331?
-15336
In base 5, what is 11 + 3233343?
3233404
In base 6, what is 11133 + -531?
10202
In base 14, what is 1 + -1d8d1?
-1d8d0
In base 6, what is -1224 - 123?
-1351
In base 12, what is -1b + 11454?
11435
In base 2, what is -101 - 110111110100011000?
-110111110100011101
In base 5, what is -32321 - 101?
-32422
In base 14, what is 2208 - -7?
2211
In base 4, what is -221032 - -10101?
-210331
In base 7, what is 306 + 11130?
11436
In base 12, what is -2 + -3a6b?
-3a71
In base 13, what is -135 - -45?
-c0
In base 11, what is 5 - 10601?
-105a7
In base 12, what is -4 + b380?
b378
In base 16, what is -14 - -38c2?
38ae
In base 2, what is 111011100 - 10000100111?
-1001001011
In base 3, what is 100120121112 + 1?
100120121120
In base 6, what is -232 + 2051?
1415
In base 9, what is 0 - -11688?
11688
In base 12, what is 641b7 + 5?
64200
In base 4, what is -1122101 - 2022?
-1130123
In base 2, what is -100 - 111100110000011?
-111100110000111
In base 16, what is -5 + -ecb3?
-ecb8
In base 12, what is -500 - -8a?
-432
In base 3, what is -222021 + 101020?
-121001
In base 5, what is 1102231 - -110?
1102341
In base 2, what is -1000011111 + 10?
-1000011101
In base 5, what is -1412324 - -244?
-1412030
In base 11, what is -1a9 + 4a?
-15a
In base 12, what is 25b + -41?
21a
In base 12, what is b9240 + 2?
b9242
In base 2, what is 100111111110 + -1010000?
100110101110
In base 7, what is 204645 - -5?
204653
In base 8, what is 235227 - -2?
235231
In base 13, what is -5 - -21739?
21734
In base 3, what is 0 - 22112101012?
-22112101012
In base 13, what is 3aaa8 + 0?
3aaa8
In base 9, what is 400358 - 12?
400346
In base 16, what is 73 + b3?
126
In base 2, what is 1001010000 + -1001001?
1000000111
In base 3, what is 2 - 2122210010?
-2122210001
In base 10, what is 4 + -1706832?
-1706828
In base 15, what is -135a7 - 2?
-135a9
In base 8, what is 213022 - -30?
213052
In base 5, what is 14 - -34343?
34412
In base 2, what is 1110 + 1100011001011?
1100011011001
In base 12, what is 4998 + 5?
49a1
In base 12, what is -20 - 4a26?
-4a46
In base 4, what is 10321321330 - 11?
10321321313
In base 7, what is -310 - -611?
301
In base 11, what is -7567 - -36?
-7531
In base 7, what is 113363 + 212?
113605
In base 7, what is 26 - 156?
-130
In base 11, what is -a20 - 449?
-1369
In base 7, what is 2031 - 1?
2030
In base 4, what is 101 + -210013?
-203312
In base 13, what is c04 + -a8?
b29
In base 16, what is -1 + -1d9?
-1da
In base 8, what is 11742 - -45?
12007
In base 10, what is -242 - 598?
-840
In base 15, what is d + -9d5?
-9c7
In base 13, what is -47 - 25b?
-2a5
In base 12, what is 29 - -1029?
1056
In base 5, what is 2032232 + -3?
2032224
In base 4, what is -3013220121 + 11?
-3013220110
In base 2, what is 10 + -10110001?
-10101111
In base 7, what is 3 + 6456523?
6456526
In base 10, what is -2498 + 16?
-2482
In base 2, what is 100001001001010 + 11?
100001001001101
In base 4, what is -1202 - -3233?
2031
In base 9, what is -857 - -4866?
4008
In base 3, what is 12221 - -1001?
20222
In base 4, what is -1110302303 + -1?
-1110302310
In base 7, what is 1 + -4631202?
-4631201
In base 13, what is -2 - b616?
-b618
In base 9, what is 177385 - 4?
177381
In base 11, what is 11 + -1426?
-1415
In base 6, what is -3420 - 1510?
-5330
In base 15, what is 7 + 3905?
390c
In base 12, what is -1b - -1329?
130a
In base 3, what is -20 - 2001022?
-2001112
In base 3, what is 1110202 - -102000?
1212202
In base 14, what is -7d61 + -9?
-7d6a
In base 16, what is 10 - -3787?
3797
In base 12, what is 64659 + 6?
64663
In base 4, what is 22333303102 - 11?
22333303031
In base 4, what is -3020 - 220131?
-223211
In base 3, what is -20201101120 - 1?
-20201101121
In base 9, what is -4 + 76448?
76444
In base 11, what is 0 - -a6364?
a6364
In base 7, what is 34655 + 2?
34660
In base 8, what is 6322 + -105?
6215
In base 12, what is -10a34b - 0?
-10a34b
In base 13, what is -2 - -5165a?
51658
In base 3, what is 21212 + 11120?
110102
In base 8, what is 705 + -371?
314
In base 8, what is -101601 - -12?
-101567
In base 14, what is -15d - -688?
529
In base 15, what is 43 + -2aa?
-267
In base 7, what is 44 - 133?
-56
In base 13, what is -236a + 6?
-2364
In base 3, what is 12020201110121 - -1?
12020201110122
In base 9, what is 681 - -2660?
3451
In base 10, what is 1279 + 29?
1308
In base 14, what is -ad + 25?
-88
In base 3, what is 22 + 10022021?
10022120
In base 4, what is 101 - -1000101?
1000202
In base 4, what is -3331 + -1101?
-11032
In base 16, what is 13 + -817?
-804
In base 15, what is c - 18306?
-182e9
In base 12, what is b9b25 - -3?
b9b28
In base 13, what is -75c + 134?
-628
In base 13, what is 1a + 969?
986
In base 9, what is 33852 - -12?
33864
In base 3, what is 1220 + -11020011?
-11011021
In base 12, what is -3 + 144416?
144413
In base 4, what is 10 - -112013131?
112013201
In base 2, what is -1011011110110 + -10010?
-1011100001000
In base 4, what is 203 + 1131312?
1132121
In base 8, what is 5122527 + -1?
5122526
In base 16, what is 4 - -3ff4e?
3ff52
In base 7, what is -24440 + -13?
-24453
In base 4, what is 2211332 + -1013?
2210313
In base 11, what is 3 - -3922?
3925
In base 9, what is 756 + -40?
716
In base 16, what is 2 + -2912?
-2910
In base 12, what is b04 + 8?
b10
In base 13, what is -1 + 6a44?
6a43
In base 3, what is 21221120101 + -10?
21221120021
In base 4, what is 22 - 321302?
-321220
In base 5, what is -3 + 1004222?
1004214
In base 2, what is 101111111011 - 0?
101111111011
In base 3, what is -201 + 10212021?
10211120
In base 14, what is 48692c - 1?
48692b
In base 13, what is -5 - -1a1c6?
1a1c1
In base 2, what is -10 - -1010101110011100110?
1010101110011100100
In base 12, what is b0972b + 5?
b09734
In base 15, what is 4 + -1e50b?
-1e507
In base 7, what is -1 - 1141142?
-1141143
In base 13, what is -6374 - b?
-6382
In base 3, what is 1 - 202122111212?
-202122111211
In 